9
Suppose 3*a - 133 = -43. Let n be 6/1 + (-4)/2. Suppose -t = -n*t + a. What is the greatest common divisor of t and 20?
10
Let w(b) = -b - 5. Let t be w(-11). What is the greatest common divisor of 24 and t?
6
Suppose -k + 5*i + 27 = 0, -4*k + 5*i + 18 + 15 = 0. Let u be (127/1)/((-1)/k). Let f = u + 366. What is the greatest common factor of f and 14?
14
Let a(y) = 2*y**2 + 4*y - 14. Let f be a(3). Suppose 18 = 3*i + 3*s, 3*i = 2*i - 3*s + 2. What is the highest common factor of f and i?
8
Let y(q) be the third derivative of q**6/120 - 2*q**5/15 + q**4/24 + 5*q**2. Let v be y(8). Calculate the highest common factor of v and 56.
8
Let q = 13 + -6. Suppose 0 = -20*b + 17*b + 63. Calculate the greatest common divisor of b and q.
7
Suppose 4*b + 5*q = 152, 0*b - 4*q + 27 = b. Let c = b + -31. Let y(k) = 49*k - 2. Let i be y(2). Calculate the highest common factor of i and c.
12
Let h be (312/(-20))/((-2)/5). Let f = 14 + -27. Let z be (-3 + 2)*1*f. What is the highest common factor of h and z?
13
Let p be ((-1)/(-3))/(2/6). Suppose -3*a + p = -8. Let d = 76 - 52. Calculate the greatest common factor of a and d.
3
Let s be 11/((-32)/(-10) + 11 + -14). What is the highest common divisor of s and 5?
5
Suppose -3*i + 3*j + 30 = 2*i, -4*j + 18 = 3*i. Calculate the highest common divisor of i and 4.
2
Suppose -4*c - 3*r = -188, -4*c = 3*r - 2*r - 180. Suppose u = 5*u - c. Calculate the greatest common divisor of u and 55.
11
Let i be (-4)/(-22) + 251/11. Let m be (-3 - 1) + 1 + i. What is the highest common divisor of 50 and m?
10
Suppose 2*f + 20 = 6*f. Suppose b = -f*u, 0 + 26 = 2*b - 3*u. What is the greatest common divisor of b and 80?
10
Let z(a) = -403*a**3 + 2*a + 2. Let j be z(-1). Calculate the greatest common divisor of 31 and j.
31
Let h(t) = 2*t + 1. Let o be h(3). Calculate the greatest common factor of 7 and o.
7
Let s = 6 - 3. Suppose 6*k = 3*k - 3. Let g be (k + 2)*2 + s. Calculate the greatest common divisor of g and 2.
1
Suppose 0 = 5*n + 45 - 120. What is the greatest common divisor of n and 60?
15
Let q(m) = 10*m + 22. Let w be q(5). What is the greatest common factor of w and 8?
8
Suppose -3*k = -0*k + 4*q + 5, -1 = 2*k + 5*q. Let n = k - -5. Let a(v) = 3*v - 16. Let r be a(6). What is the greatest common factor of r and n?
2
Suppose 11*o - 357 - 138 = 0. Suppose -j + 18 = 3*c + c, -5*c = -5*j + 90. What is the highest common divisor of j and o?
9
Let y be (3/(-2))/(2/(-4)). Suppose y*g - 108 = -g. Let u = 15 + -6. What is the greatest common divisor of g and u?
9
Suppose -b + 68 + 184 = 0. What is the greatest common factor of b and 36?
36
Let g(x) = -x**3 + 6*x**2 - x - 3. Let m be g(4). Let k be 14/3 + 1/3. Suppose -k*l = -m, -2*v = 3*l + l - 26. What is the greatest common factor of 6 and v?
3
Let b be 49 + 1 + 6/2. Suppose -3*z + 136 = -b. What is the greatest common divisor of z and 42?
21
Let a be (-1 - -1) + (0 - -7). Suppose 5*p + 57 - 187 = 0. Suppose 0 = -5*v - k + 34, 3*v + k - p = 6*k. Calculate the greatest common factor of v and a.
7
Suppose -2*x - 1 = 3*h - 4*x, 3*x = h + 12. Calculate the greatest common factor of h and 3.
3
Let k = 1 + 0. Let d(s) = s**3 - s**2 - 2*s + 2. Let x be d(2). Calculate the highest common factor of k and x.
1
Let b be ((-12)/3)/(-1)*1. Suppose 4*h = b, 2*y + 5*h = 6 + 15. Suppose 0 = f + 4*p - 0*p - 24, f + 3 = 5*p. Calculate the highest common divisor of f and y.
4
Suppose -2*y + m + 454 = 109, y - 150 = 5*m. Calculate the highest common factor of 25 and y.
25
Let v(j) = -j + 5. Let c be v(7). Let m(n) = -n**2 - n - 2. Let l be m(c). Let q be 102/27 - l/18. Calculate the highest common factor of 12 and q.
4
Suppose -3*o + 3*h + 9 = 0, -9 = -3*o + 2*h + 1. Suppose u = 4*f - 157, 2*f - 4 = 4*u + 64. What is the highest common divisor of o and f?
4
Let u = 2 - 3. Let y = u + 16. Calculate the highest common divisor of 165 and y.
15
Let k = 20 + -10. Calculate the greatest common divisor of k and 2.
2
Suppose -5*j - 7*j = -2304. What is the greatest common divisor of 16 and j?
16
Let p(q) = q**2 - 6*q + 3. Let j be p(6). Suppose j*v - 36 = -0*v. Let r(u) = 47*u**2 - u. Let b be r(-1). What is the greatest common divisor of v and b?
12
Let p = 78 + -36. Suppose -4*u = 5*z - 90, 0*u + 23 = 2*z - u. What is the highest common factor of p and z?
14
Suppose -16 + 66 = 5*a. Let q(l) = -l**2 + 4*l + 7. Let x be q(5). What is the greatest common factor of a and x?
2
Suppose 0 = 2*q + 3*b - 40, 0 = -5*q + b - 0*b + 83. Let c = 203 + -135. What is the highest common divisor of q and c?
17
Suppose 3*r = 5*w, 0 = -6*r + 3*r + w. Suppose 5*h - 70 - 170 = r. Let u be 240/18 + (-4)/3. What is the greatest common divisor of h and u?
12
Suppose 12 + 18 = 2*q. Let k(t) = -2*t**2 + 41*t + 3. Let n be k(19). What is the greatest common factor of q and n?
15
Suppose -4*q - 5*u = -7*q + 95, -4*q = 3*u - 117. What is the greatest common divisor of q and 90?
30
Let j = 175 - 63. Calculate the highest common factor of j and 16.
16
Let j = -3 + 47. Let s be 2/(-5) + j/10. Suppose -2*m = 5*n + 5, 5*m + 19 = -n + 64. What is the greatest common divisor of s and m?
2
Let g(p) be the third derivative of 13*p**6/120 + 4*p**2. Let f be g(1). Calculate the greatest common divisor of 117 and f.
13
Let g(a) = a**3 + 15*a**2 + 20*a - 13. Let d be g(-13). Calculate the greatest common factor of d and 26.
13
Let x be 2/12 + 2/(-12). Suppose x = -2*g + 106 + 150. What is the highest common factor of g and 32?
32
Let t(z) = z**2 + 3*z - 4. Let n be t(-4). Suppose -4*s = -h - 177, n = -s + 5*s + h - 183. Calculate the greatest common divisor of 18 and s.
9
Let a be ((-9)/(-3))/((-6)/(-8)). Suppose 21 + 23 = a*k. Let u be (-1 - 0)*4*-11. What is the greatest common factor of k and u?
11
Let a(d) = d**3 - d**2 + 2*d + 2. Let g be a(-2). Let t be (-74)/g + 2/(-7). What is the highest common divisor of t and 2?
1
Suppose 5*t - 17 = -0*z + 2*z, 3*t + 3*z - 27 = 0. What is the greatest common factor of t and 15?
5
Let g = -52 - -73. Let p(c) = -2*c + 15. Let r be p(6). Calculate the highest common divisor of r and g.
3
Suppose -17*w - 252 = -23*w. What is the greatest common factor of w and 105?
21
Let z(n) = -5*n**3 + 5*n**2 + 2*n - 2. Let v be z(-2). What is the highest common factor of v and 12?
6
Suppose 2*l - 121 - 15 = 0. What is the greatest common divisor of 102 and l?
34
Let g = 4 + 5. Suppose 3*y + 7*o - 252 = 4*o, 0 = -3*y - o + 246. What is the highest common divisor of g and y?
9
Suppose -2*m - 2*r = m - 28, 0 = -2*m + 4*r + 24. What is the highest common factor of 70 and m?
10
Let o = -47 + 83. Suppose -5*t + 156 = o. What is the highest common factor of 240 and t?
24
Let w(u) be the first derivative of -u**2 + 2*u + 3. Let k(n) = -5*n. Let v be k(1). Let q be w(v). Calculate the greatest common factor of q and 36.
12
Let c(l) = -l**3 + 8*l**2 + 10*l - 7. Let x be c(9). What is the highest common factor of 2 and x?
2
Let z = -11 - -2. Let c = z + 15. Let k(d) = 6*d**3 - d + 1. Let j be k(1). What is the greatest common divisor of c and j?
6
Suppose -z = c - 296, -5*c - 3*z + 1482 = z. Suppose 4*y + 2*m = 7*m + 230, m = 5*y - c. Calculate the highest common factor of y and 12.
12
Let i be 286/10 - 9/15. Calculate the greatest common factor of 70 and i.
14
Let p(z) = z + 40. Let s be p(-28). Calculate the greatest common factor of s and 84.
12
Suppose -5 = 5*q - 6*q. Suppose 2*u + 17 = -0*r - 5*r, r + 25 = q*u. Calculate the greatest common divisor of u and 6.
2
Suppose -8*j - 4 = -12*j. Suppose 3*a = -0*a + 33. What is the greatest common divisor of a and j?
1
Suppose 2*g = 5*g - 114. Let x = 57 - g. Calculate the greatest common divisor of 190 and x.
19
Let c(v) = -v**2 - 9*v - 9. Let o be c(-6). Suppose -4*k = -5*d + 389, 3*k - 272 + 98 = -2*d. Calculate the highest common factor of o and d.
9
Let c(x) = -x - 2. Let a be c(-5). Suppose l = a*l - 432. Suppose 3*v - 566 - 88 = -3*u, 0 = v + 2*u - l. What is the greatest common factor of v and 20?
20
Let j be 8/10*60/1. Suppose 6*s - j = 2*s. What is the highest common divisor of 60 and s?
12
Let v = -1 + 3. Suppose -5*t + 0*m + m = -420, 168 = v*t + 2*m. Calculate the highest common factor of t and 14.
14
Suppose -7*s - 108 = -3*s + 4*u, 22 = -s + 4*u. Let a be (-4)/